(-20)*(-3 - -1). Let h(p) = -2 + 4 + p**2 - r + 3*p - 5. Give h(v).
0
Suppose 0 = -2*s - 0 + 6. Let y(q) = -4*q + 6. Let g(o) = 5*o - 7. Let m(l) = 5*g(l) + 6*y(l). Give m(s).
4
Let a(l) = 7*l**3 + 3*l**2 + 12*l - 5. Let h(i) = -i**3 - 2*i**2 - i + 1. Let d(y) = -a(y) - 6*h(y). Calculate d(7).
55
Let q(h) = -h**3 + 6*h**2 - 6*h + 3. Let u = 55 + -49. Suppose 18 = u*i - 12. Let g be 1/((-5)/i)*(1 - 5). What is q(g)?
11
Let b(r) be the first derivative of -r**4/4 - 8*r**3/3 + 5*r**2 + 10*r - 2. Let u be 4/(-14) - 12200/1400. What is b(u)?
1
Suppose y = 6*y - 150. Let s = y - 27. Let k(a) = 3*a**3 + 6*a - 3*a**2 - 5*a - 2*a**2 - 4*a**s. Determine k(-5).
-5
Let q(w) = -2*w + 5. Let t(l) = -5*l + 85. Let r be t(17). Suppose -3*j - x = -4*j + 7, j - 5*x - 19 = r. Give q(j).
-3
Let f(b) = b**3 - 16*b**2 - 111*b + 115. Let j be f(21). Let s(a) = a**3 + 10*a**2 - 11*a + 31. Give s(j).
31
Let o(u) = u**2 + 6*u - 6. Let i = -3 - -14. Suppose -5*s = -4*n + 55, 6 = -n + i. Give o(s).
1
Let k(q) = -q**3 + 3*q**2 + 7*q - 8. Suppose 12*m - 8 = 10*m. Let u be k(m). Let a(s) = 4*s - s - 6*s**3 - u*s**2 + 4*s**3 + 3*s**3. Give a(2).
-2
Let b(w) = -14*w**2 + 16*w**2 + 92 - 2*w + 11*w + 8*w - 72. What is b(-8)?
12
Let w = 19 + -17. Let z(g) = g - 5. Let l be z(w). Let h(a) = 23*a + 35*a - 78*a - 1 + 27*a. What is h(l)?
-22
Let k = 10931 - 5997. Let m(d) = 4942*d**3 - 1 - d**2 + 3*d**2 - k*d**3. Give m(-1).
-7
Let s be (-4)/(-88)*-142 - ((-936)/(-132))/13. Let f(u) = u**2 + 10*u - 5. What is f(s)?
-26
Suppose -4*r - 2*y + 7 = -35, 2*y - 32 = -3*r. Let x(i) = 2*i. Let o(q) = 9*q - 3. Let k(c) = r*x(c) - 2*o(c). Let w be (12/5)/(3/(-10)). What is k(w)?
-10
Suppose 8*s + 3 = 51. Suppose -6*f - 60 = -s. Let n(t) = -t**2 - 9*t - 5. Calculate n(f).
-5
Let d(o) be the second derivative of o**4/3 + 13*o**3/6 - 7*o**2/2 + 783*o. Calculate d(-7).
98
Let y be (-63)/21 - 1*-105. Suppose 72 + y = -29*g. Let l(q) = q**3 + 7*q**2 + 5*q + 2. What is l(g)?
8
Let x(n) = 7*n**3 + 12*n**2 - 82*n - 16. Let t(z) = -8*z**3 - 13*z**2 + 95*z + 18. Let m(s) = 6*t(s) + 7*x(s). Give m(-7).
-25
Let r(f) = -2*f**2 + 19*f + 13. Let a be r(10). Let c(k) = 12*k**a - 3*k - 8*k + 1 + 17*k - 5*k. Let q = -128 + 127. Give c(q).
-12
Let x(s) = s**3 + 14*s**2 - 2*s - 26. Let n be x(-14). Let k = 0 + n. Let t(h) = -1 + 0*h - 1 + 1 - k*h. What is t(4)?
-9
Let v(r) = r**3 + 6*r**2 + 1. Let u(b) = 4*b + 14. Let p be u(-3). Suppose 11*m = 13*m - p. Suppose 4*f - m = 2*z + 3*z, -f = -4*z - 14. What is v(f)?
1
Let x(i) = -743*i + 391*i + 382*i + 55. Let q be x(-2). Let b(z) = -z**2 + z - 3. Let k(m) = -3*m**2 + 2*m - 7. Let h(n) = -5*b(n) + 2*k(n). Calculate h(q).
-19
Let k(f) = 6*f + 74. Let v(g) = -g - 1. Let x(u) = k(u) + 3*v(u). Let y(i) = -i - 25. Let l(n) = -4*x(n) - 11*y(n). Give l(-9).
0
Let n(c) be the second derivative of c**7/2520 + c**6/720 - c**5/20 - c**4/3 + 22*c. Let p(y) be the third derivative of n(y). Let o = 33 + -33. Give p(o).
-6
Let l(i) = 1. Let s(z) = z - 3. Let n(y) = 2. Let j(x) = -3*n(x) + s(x). Let r(t) = j(t) + 6*l(t). Suppose 0 = 5*g + 5*g + 40. What is r(g)?
-7
Let b(i) be the first derivative of i**4/4 + i**3/3 - 7*i**2/2 + 13*i - 783. What is b(4)?
65
Let f(o) = -o - 3. Let n(k) = -k**2 - 3*k + 11. Let t be n(-7). Let l = 27 + t. Let g be (0 + -1)*(l - 14). Calculate f(g).
-7
Let x(d) = d**2 + 13*d + 38. Let g be x(-9). Let q(w) = -1 - 4*w**2 + g - 4*w**3 + w**3 - w**3 + 5*w**3 - 5*w. Calculate q(5).
1
Let h(u) = 109*u - 2. Let m(q) = -159*q + 3. Let k(b) = 7*h(b) + 5*m(b). What is k(-1)?
33
Let s(k) = -315*k - 46. Let w(d) = 827*d + 121. Let h(q) = -21*s(q) - 8*w(q). Suppose 4*l - 16 = 24. Suppose 0 = -0*i - 5*i - l. Calculate h(i).
0
Let g(s) be the second derivative of s**5/20 + 29*s**4/12 + 14*s**3/3 - 4*s**2 + 3526*s. What is g(-28)?
-8
Suppose -10 = -13*q + 11*q, -3*o - 16 = -5*q. Let b(v) = -2*v**2 + 5*v - 8. Calculate b(o).
-11
Let p(o) = o**2 - 13*o + 66. Let h be p(5). Let a(r) = 2*r**2 - 50*r - 45. Give a(h).
7
Let h(j) be the first derivative of j**4/4 - 2*j**3/3 - 5*j**2/2 - 3*j + 13037. Let u = -6 - -10. Calculate h(u).
9
Let i(u) be the first derivative of -2*u**2 - 35. Suppose l = 1 + 3. Let c be (l - 1)*(-48)/72. Determine i(c).
8
Suppose -34*h + 9*h + 47*h = -41*h. Let r = 0 - -3. Let v(a) = r*a + 3*a - 7*a. Determine v(h).
0
Let b be 6/9*(-6)/(-4). Let o(s) = -14*s + 23. Let n(f) = -15*f + 27. Suppose -43*p + 50*p + 42 = 0. Let i(k) = p*n(k) + 7*o(k). Calculate i(b).
-9
Let g(q) = q**2 + 30*q - 22*q - 7 - 14. Suppose 137 = -18*w - 43. Determine g(w).
-1
Let r(f) = -100*f**2 - f - 151*f**2 + 249*f**2 + f + 2*f**3. What is r(2)?
8
Let a(s) be the first derivative of s**4/4 - 28*s**3/3 - 93*s**2/2 + 2*s + 664. Give a(31).
2
Suppose 21*k - 129 - 6444 = 0. Let s(l) = 631 - k + 4*l - 312. Give s(-5).
-14
Suppose -5*z - 130 + 86 = -3*p, 4*z + 2*p = 0. Let m(r) = -32*r - 31. Calculate m(z).
97
Let y(c) = -c**2 + 5*c - 2. Let x(h) = 4*h + 83. Let j be x(-20). Suppose 0 = b - f - 4*f - 24, -3*f = j*b. Suppose -8*l - b = -9*l. Calculate y(l).
2
Let s(o) = o**2 - 64*o + 291. Let d(y) = 198*y + 10949. Let h be d(-55). Determine s(h).
-4
Let v be (-3)/15 - (0 + 121/(-5)). Let m = v - -79. Let r = m - 111. Let h(i) = -i - 4. Determine h(r).
4
Let c(v) = v**2 - 4*v + 1. Suppose 4*r - 180 = f, -4*r + 4*f = 6*f - 180. Suppose o + 4*q + 1 + 0 = 0, -5*o + 5*q + r = 0. Determine c(o).
22
Suppose l = -4*f - 3*l + 1172, 0 = -4*f - 2*l + 1172. Let d = 288 - f. Let g(x) = x + 9. Calculate g(d).
4
Let q = 2794 + -2783. Let n(m) = 4*m - 10. What is n(q)?
34
Let h(i) = -6*i**2 + 8*i - 7. Let t(m) = 8*m**2 - 13*m + 8. Let a(b) = 3*h(b) + 2*t(b). What is a(-3)?
-17
Let o(b) be the second derivative of -29*b**3/3 - 59*b**2/2 + 25*b - 142. Give o(-1).
-1
Let z(n) = n + 5. Let i(v) = -2*v - 1. Let y(g) = -4*i(g) - 5*z(g). Suppose 25*k = -5*h + 29*k + 41, -4*k - 16 = 0. What is y(h)?
-6
Let t = -208 - -112. Let h = t + 97. Let v(x) = 13*x**2 - 1. Determine v(h).
12
Let z(r) = -r - 4. Let j(f) = -3. Let u(q) = -4*j(q) + 3*z(q). Let a be 0/(1 + 4 - 7). Suppose -24*t + 22*t + 14 = a. Calculate u(t).
-21
Let x(l) = 13*l**2 - 9*l - 5. Let s(y) = 22*y**2 - 17*y - 9. Let o(k) = 3*s(k) - 5*x(k). Calculate o(11).
53
Let a(q) = -q + 25. Let k = 17 - 13. Suppose -23 = -3*y + 4*g, 9*y - k*y + 5*g = -20. Suppose -2*n - 2 = 2*i, 5*n - n - y = i. Give a(n).
25
Suppose 8*w + w - 18 = 0. Let t(m) = -9*m**w + 3 + 22*m**2 - 8*m**2 - 4*m - 10*m**2 - m**3. Suppose -1 - 17 = 4*p + j, -5*p = 4*j + 28. Calculate t(p).
3
Let f(o) = 3*o**3 + 10*o**2 - 3*o + 5. Let a(q) = 2*q**3 - q**2 - q - 1. Let y(s) = -2*a(s) + f(s). Let n = 38 + -26. Determine y(n).
-5
Let u(l) = -16*l**2 - 21*l + 31. Let b(o) = -3*o**2 - 4*o + 6. Let a(n) = -11*b(n) + 2*u(n). Suppose -z + 281 - 276 = 0, -2*z + 1 = -3*q. What is a(q)?
11
Suppose 5*u + 5*m = -115, 29*m - 31*m = -4*u - 68. Let x(d) = d**3 + 17*d**2 - 40*d - 31. Calculate x(u).
7
Let k = 176 - 187. Let j be (-10)/(-55) + 2/k. Let x(b) = b**3 + b**2 - b + 2. Give x(j).
2
Suppose -26*b - 24 = -2*b. Let x(v) = 10*v**2 - 2*v + 3. Let m(c) be the first derivative of -c**2/2 + c + 13. Let a(i) = 3*m(i) - x(i). Calculate a(b).
-9
Let m(d) = 2 - 7*d**2 + 1466*d**3 + 1461*d**3 + 2 - 4389*d**3 + 1460*d**3 - d. Give m(-2).
-6
Suppose -18 = -128*j + 122*j. Suppose j*g = -3*v + 1 - 7, -2*g - 2 = 4*v. Let i(d) = -5*d - 4. Calculate i(g).
11
Let h(w) = -w**3 + 14*w**2 + 7*w - 25. Suppose 5*r + 5 - 35 - 40 = 0. Give h(r).
73
Let b(j) = 996226 - 2*j**3 + j**3 - 17*j**2 - 996236. Determine b(-17).
-10
Let y be (-16)/20*(-30)/4. Let j(d) be the first derivative of -d**2/2 + 6*d - 5591. Give j(y).
0
Suppose 4*i + 4 = -3*c, 0*i - 3*c + 4 = 2*i. Let s(k) be the third derivative of -3*k - 1/6*k**3 + 10*k**2 + 1/24*k**4 + 0. Determine s(i).
-5
Let v(x) = -2*x**3 + 25*x**2 + 76*x - 5. Let a be 685/45 + (-68)/306. Give v(a).
10
Let l(h) = -112*h - 117. Let f(b) = -21*b - 23. Let p(i) = -11*f(i) + 2*l(i). Calculate p(-3).
-2
Let r be 12/(-2)*1 + 0. Let l(x) = 10*x**2 + 4*x + 2. Let y be l(-2). Let k(w) = -y*w**3 + 60*w**3 - 25*w**3 + 0 + 4 + 9*w + 6*w**2 + w**2. Give k(r).
-14
Let w(b) = -2 - b + 0*b - b. Let d(t) = -t**3 - 7*t**2 + 4*t - 29. Let j be d(-8). Let k be 2 + j - (13 + -9)/4. Determine w(k).
